 be (-1)/((-1)/2) + -2. Suppose w = 8*a - 5*a + 36. What is the units digit of 17 + 0*3/a?
7
Suppose 3*m = 5*m - h - 3, -3*m + 7 = -h. Suppose -m*t - 3 = -t. What is the tens digit of (36 - 3 - 3) + t?
2
Suppose -23*j = -9*j - 4914. What is the units digit of j?
1
Suppose -11 = 4*g - z + 387, -208 = 2*g + 4*z. Let k = -14 + -54. Let q = k - g. What is the units digit of q?
2
What is the tens digit of ((-1973)/(-4))/((-33)/(-132))?
7
Let y be (-3 - 0)/(3/(-3)). Let x(a) = -7 + 2*a**2 + 0*a + a**2 - a + y. What is the units digit of x(-3)?
6
Let y(w) = 2*w**3 + 4*w**2 + w - 2. Let j be y(-2). Let a(x) = -x**3 + 8*x**2 - 10*x + 5. Let m be a(5). Let c = m - j. What is the units digit of c?
4
Let d(x) = 2*x**2 - 27*x - 6. Let c be d(17). Suppose -n + c = -157. What is the hundreds digit of n?
2
Let g = 159 + 237. What is the hundreds digit of g?
3
Suppose 569 = q + d, 1706 = 4*q - q + 2*d. What is the hundreds digit of q?
5
Suppose 2*v = -3*v + 10. Suppose 3*f - 137 = -v*z, 7*z - 4*z + 132 = 3*f. Suppose -3*o - 2*s = -2*o - 49, -o + f = 4*s. What is the units digit of o?
3
Let w(p) = 2*p**2 + 20*p + 69. What is the hundreds digit of w(-18)?
3
Let c = 9 - 4. Suppose 5 = 5*l - c. What is the tens digit of 356/22 + l/(-11)?
1
Let v(y) = 7*y + 48. Let r(l) = l - 1. Let k(q) = -6*r(q) + v(q). What is the units digit of k(27)?
1
Let z(f) = 110*f + 21. What is the hundreds digit of z(2)?
2
Let a(t) = 69*t**2 - 1. Let w(o) = o**2 + 6*o - 8. Let n be w(-7). What is the tens digit of a(n)?
6
Suppose -60*k + 216 = -57*k. Suppose -3*r - w + 45 + k = 0, 5*r = w + 195. What is the units digit of r?
9
Suppose -18 = -0*o + 4*o - 5*l, 5*l = 10. What is the units digit of (227 - -8) + 1 + o?
4
Suppose -161 + 807 = 2*m - 2*q, 1299 = 4*m + 3*q. What is the units digit of m?
4
Let a(m) be the second derivative of 1/3*m**4 - 6*m - 1/2*m**3 + 5/2*m**2 + 0. What is the units digit of a(4)?
7
Let o = -16 + 6. Let y(m) = -m**3 - 6*m**2 - 16*m - 11. Let w(p) = p**3 + 7*p**2 + 15*p + 10. Let s(l) = -5*w(l) - 4*y(l). What is the units digit of s(o)?
4
Let v(o) be the third derivative of o**5/60 + o**4/12 + 7*o**3/6 + 6*o**2. What is the units digit of v(6)?
5
Suppose 13*p - 8*p - 5 = 0. What is the tens digit of 495/3*(p - 0)?
6
What is the units digit of ((-795)/(-10) - -5)/((-3)/(-6))?
9
Suppose 4*y - 5*c - 32 = 8, -2*c + 17 = 5*y. Suppose 92 - 407 = -y*j. What is the tens digit of j?
6
Let y be 18/(-81) + 2/9. Suppose y = 4*f - 15 - 9. Suppose 8 = 2*r, -p - 4*r = -f*p + 34. What is the tens digit of p?
1
Let n(w) = 837*w**2 + 6*w + 6. What is the units digit of n(-1)?
7
Suppose -34 = -3*k + 4*q, 7*q = -k + 3*q + 22. Let j(d) be the third derivative of d**4/12 - 7*d**3/2 + 2*d**2. What is the units digit of j(k)?
7
Let k(h) = h**3 + 5*h**2 - 2*h - 3. Let t(g) = -g**2 + 11*g + 8. Let b be t(12). Let c be k(b). Suppose -114 + c = -3*s. What is the units digit of s?
1
Suppose -32*y + 35*y = 30. Suppose 4*r = y + 246. What is the units digit of r?
4
Let d be 4/2 + 259/(-7). Let b = d + 36. What is the units digit of b?
1
Let v(m) = 4*m**2 + 5*m + 8. Let j be v(6). Let d = -123 + j. What is the units digit of d?
9
Let f(t) = -57*t + 7. Let s(l) = -29*l + 4. Let i(o) = -3*f(o) + 5*s(o). What is the tens digit of i(3)?
7
Suppose 0 = 30*l - 14*l - 10912. What is the tens digit of l?
8
Let k(g) = -10*g - 9. Let r = -47 - -45. What is the tens digit of k(r)?
1
Suppose 3*g - 2*a = 5, -2*g + 1 = -2*a - 1. Suppose -g*v + 10 = -5. What is the units digit of v?
5
Let z = -48 - -45. What is the units digit of 214 - (-2)/((-2)/((-12)/z))?
0
Suppose 0 = 2*t - t - 111. Let g = 184 - t. Suppose 4*r - 5*o = g, 3*o = -7*r + 2*r + 119. What is the tens digit of r?
2
Suppose -y - 74 = x - 288, -4*y - 872 = -4*x. Suppose -x = 13*f - 16*f. What is the units digit of f?
2
Suppose 3*m = -p + 6 - 4, -2*m - 2*p - 4 = 0. Let q be 10/15*9/m. Suppose q*g = i + 113, -3*g + 49 = 5*i - 70. What is the tens digit of g?
3
Let a(z) = 28*z - 23. Suppose 2*g = -4*u + 24, 0*g - g + 4*u - 12 = 0. What is the tens digit of a(g)?
8
Let a(d) = 11*d**2 + 10*d + 2. Let p be a(-8). Suppose -2*q + 318 = -4*f, 3*f + p = -5*q + 9*q. What is the hundreds digit of q?
1
Let d = 423 + -635. Let k = d - -326. What is the tens digit of k?
1
Suppose 6*r + 3 + 3 = 0. What is the tens digit of (-3 + 186)*r/(-3) - -1?
6
Let a = -928 + 4253. What is the hundreds digit of a?
3
Suppose -4*d + 3012 = -4*w, 5*d - 3679 - 107 = -2*w. Suppose 4*v + 9*f - 5*f - d = 0, 3*v - 5*f - 599 = 0. What is the units digit of v?
3
Let u(v) = -v**2 - 10*v - 8. Let r be u(-10). What is the tens digit of 49/((-1)/3*12/r)?
9
Suppose 0 = p + 4, -2*p + 6*p + 25 = 3*u. Suppose -f + 110 = -0*f. Suppose -u*x - 5*w = -76 - 95, 2*x - f = -2*w. What is the tens digit of x?
5
Let a(i) = -i. Let b be a(-3). Suppose -x = -4*d + 49, -23 - b = -d + 3*x. Let f = d + -1. What is the units digit of f?
0
Let n(x) = -9*x + 114. Let v(f) = -3*f + 38. Let y(r) = 6*n(r) - 17*v(r). What is the hundreds digit of y(-21)?
1
Let g(d) = -17*d - 2. Suppose 3*m - 3*k = 6, -7 - 7 = 3*m + 2*k. Let u be g(m). Suppose -o = o - u. What is the tens digit of o?
1
Let k = 121 - 86. Let r = 106 + k. Suppose 3*l - a = a + 141, -3*a + r = 3*l. What is the tens digit of l?
4
Suppose 3*g - 4 = -3*v + 17, -10 = -2*g - 4*v. Let p = g + -3. What is the units digit of 14/3 - p/(-18)?
5
Suppose 10 = o + 5*s - 35, 4*s - 40 = -o. What is the tens digit of o/6*6426/105?
0
Let h(y) = -5*y**2 - 2*y - 1. Let l be h(-1). Let j = 0 - l. Suppose 0 = -j*b + x - 4*x + 93, -2*b + 5*x = -27. What is the units digit of b?
1
Let f = -21 - 261. Let v be f/3*(-4)/8. Suppose -5*l - 5 = 0, -g - 15 = -3*l - v. What is the tens digit of g?
2
Let r = 2 + 0. Suppose 3055 = r*a + 11*a. What is the tens digit of a?
3
Let a be 2/7 + 1 + 38/14. Suppose 0 = a*d - 2*d - 220. What is the tens digit of d?
1
Suppose 80 = -0*d + 4*d. Suppose 2*i = 7*i - d. Suppose 6*y - 40 = i*y. What is the tens digit of y?
2
Suppose -285*n = -301*n + 3408. What is the units digit of n?
3
Let v(w) = w**2 + 4*w - 8. Let n be v(13). Suppose 16 = -4*i, -4*j - n = -5*j - 2*i. What is the tens digit of j?
2
Let o be (-60)/45 + 1 + 70/(-6). Let g = 109 - o. What is the units digit of g?
1
Let l = -1 + -36. Let h(f) = -34*f - 10. Let x be h(0). Let m = x - l. What is the units digit of m?
7
Suppose -1247 - 4089 = -2*x + 5*o, -o = 0. What is the tens digit of x?
6
Suppose -3*w + 6 = 0, 0 = -2*p - w + 4*w - 10. Let k = 0 + p. What is the units digit of -2 - (3 - 10) - k?
7
Let d be 2760/14 + 6/(-42). Suppose -25 = 2*z - d. What is the tens digit of z?
8
Suppose -2*y = 2*r - 68, -r + 11 + 8 = 4*y. Let t = r - 21. Suppose -6*s = -9*s + t. What is the units digit of s?
6
Let p = 166 + -98. What is the tens digit of p?
6
Let b be 1/((2 + -1)/17). Let p be (-6)/(-3)*-1*1. Let a = p + b. What is the units digit of a?
5
Let b(r) = r**2 - r - 1. Let y be b(1). Let q(z) = 26*z**2. What is the units digit of q(y)?
6
Suppose 10*v + 21 = 7*v. Let w = v - -9. Suppose -w*o + 1 = -o. What is the units digit of o?
1
Let a = 6028 - 3761. What is the hundreds digit of a?
2
Suppose 0 = -8*m + 67 - 11. Suppose -4*c = m*f - 5*f - 160, -178 = -5*c + 3*f. What is the units digit of c?
8
Let a = -302 + 781. What is the units digit of a?
9
Let q(j) = 10*j**2 + 3*j + 7. Let x(u) = -7*u**2 - 2*u - 5. Let m(l) = 5*q(l) + 7*x(l). Suppose 38*p - 36*p = -8. What is the units digit of m(p)?
2
Let v(g) = -2*g**2 - 98*g - 14. What is the thousands digit of v(-27)?
1
Let c = -1889 + 3082. What is the tens digit of c?
9
Let h(v) = -11*v**3 - 3*v**2 - 6*v - 5. Let a be h(-2). Suppose -z + 4*t + 470 = 4*z, -z = -3*t - a. What is the tens digit of z?
9
Suppose -30*q - 3*q = -15972. What is the hundreds digit of q?
4
Let g = 13 - 13. Suppose g = 5*z - 259 - 551. Suppose 14 - 54 = -f + 3*y, 5*f + 4*y = z. What is the tens digit of f?
3
Suppose -127 = -t + 121. What is the units digit of t?
8
Let l be 1*(-21 - -1) + 2. Let y = -3 + l. Let u = y - -49. What is the units digit of u?
8
Suppose 0 = -4*f + 2*x + 6, f - x = -2*f + 7. Suppose h = f*h - 276. What is the units digit of h?
2
Suppose 0 = -2*o - 2*n - 32, 2*o - 36 = 6*o - 3*n. Let c = o + 15. Suppose -c*u = -4*l + 108, u - 5*u - 64 = -2*l. Wh